{"id":224922,"date":"2026-03-12T04:16:41","date_gmt":"2026-03-12T04:16:41","guid":{"rendered":"https:\/\/saln.mr\/?page_id=224922"},"modified":"2026-03-12T19:07:32","modified_gmt":"2026-03-12T19:07:32","slug":"portail-partenaires","status":"publish","type":"page","link":"https:\/\/saln.mr\/index.php\/portail-partenaires\/","title":{"rendered":"Portail Partenaires"},"content":{"rendered":"<p>[et_pb_section fb_built=\u00a0\u00bb1&Prime; _builder_version=\u00a0\u00bb4.23.1&Prime; _module_preset=\u00a0\u00bbdefault\u00a0\u00bb global_colors_info=\u00a0\u00bb{}\u00a0\u00bb][et_pb_row _builder_version=\u00a0\u00bb4.23.1&Prime; _module_preset=\u00a0\u00bbdefault\u00a0\u00bb hover_enabled=\u00a0\u00bb0&Prime; global_colors_info=\u00a0\u00bb{}\u00a0\u00bb sticky_enabled=\u00a0\u00bb0&Prime;][et_pb_column type=\u00a0\u00bb4_4&Prime; _builder_version=\u00a0\u00bb4.23.1&Prime; _module_preset=\u00a0\u00bbdefault\u00a0\u00bb global_colors_info=\u00a0\u00bb{}\u00a0\u00bb][et_pb_code _builder_version=\u00a0\u00bb4.23.1&Prime; _module_preset=\u00a0\u00bbdefault\u00a0\u00bb hover_enabled=\u00a0\u00bb0&Prime; global_colors_info=\u00a0\u00bb{}\u00a0\u00bb sticky_enabled=\u00a0\u00bb0&Prime;]<\/p>\n<style><!-- [et_pb_line_break_holder] -->  \/* Conteneur bleu fonc\u00e9 *\/<!-- [et_pb_line_break_holder] -->  .saln-header-dark {<!-- [et_pb_line_break_holder] -->    max-width: 900px !important; <!-- [et_pb_line_break_holder] -->    margin: 0 auto 30px auto !important; <!-- [et_pb_line_break_holder] -->    text-align: center;<!-- [et_pb_line_break_holder] -->    padding: 35px 20px; <!-- [et_pb_line_break_holder] -->    <!-- [et_pb_line_break_holder] -->    \/* Le fameux fond bleu SALN *\/<!-- [et_pb_line_break_holder] -->    background: linear-gradient(145deg, #1B1464, #120d45); <!-- [et_pb_line_break_holder] -->    <!-- [et_pb_line_break_holder] -->    border-radius: 12px;<!-- [et_pb_line_break_holder] -->    box-shadow: 0 10px 25px -5px rgba(27, 20, 100, 0.25);<!-- [et_pb_line_break_holder] -->  }<!-- [et_pb_line_break_holder] --><!-- [et_pb_line_break_holder] -->  \/* Ic\u00f4ne adapt\u00e9e pour le fond sombre *\/<!-- [et_pb_line_break_holder] -->  .saln-header-dark-icone {<!-- [et_pb_line_break_holder] -->    display: inline-flex;<!-- [et_pb_line_break_holder] -->    align-items: center;<!-- [et_pb_line_break_holder] -->    justify-content: center;<!-- [et_pb_line_break_holder] -->    width: 50px;<!-- [et_pb_line_break_holder] -->    height: 50px;<!-- [et_pb_line_break_holder] -->    background-color: rgba(255, 255, 255, 0.1); \/* Cercle blanc transparent *\/<!-- [et_pb_line_break_holder] -->    border-radius: 50%;<!-- [et_pb_line_break_holder] -->    margin-bottom: 15px;<!-- [et_pb_line_break_holder] -->  }<!-- [et_pb_line_break_holder] --><!-- [et_pb_line_break_holder] -->  \/* Titre en blanc *\/<!-- [et_pb_line_break_holder] -->  h1.saln-header-dark-titre {<!-- [et_pb_line_break_holder] -->    font-family: 'Cairo', 'Tahoma', sans-serif !important;<!-- [et_pb_line_break_holder] -->    color: #ffffff !important; \/* Titre blanc pur *\/<!-- [et_pb_line_break_holder] -->    font-size: 28px !important;<!-- [et_pb_line_break_holder] -->    font-weight: 700 !important;<!-- [et_pb_line_break_holder] -->    margin-bottom: 10px !important;<!-- [et_pb_line_break_holder] -->    letter-spacing: -0.5px !important;<!-- [et_pb_line_break_holder] -->    line-height: 1.2 !important;<!-- [et_pb_line_break_holder] -->    padding-bottom: 0 !important;<!-- [et_pb_line_break_holder] -->  }<!-- [et_pb_line_break_holder] --><!-- [et_pb_line_break_holder] -->  \/* Texte en blanc adouci *\/<!-- [et_pb_line_break_holder] -->  p.saln-header-dark-texte {<!-- [et_pb_line_break_holder] -->    font-family: 'Cairo', 'Tahoma', sans-serif !important;<!-- [et_pb_line_break_holder] -->    color: rgba(255, 255, 255, 0.85) !important; \/* Blanc un peu transparent pour la lisibilit\u00e9 *\/<!-- [et_pb_line_break_holder] -->    font-size: 16px !important;<!-- [et_pb_line_break_holder] -->    line-height: 1.6 !important;<!-- [et_pb_line_break_holder] -->    max-width: 600px;<!-- [et_pb_line_break_holder] -->    margin: 0 auto !important;<!-- [et_pb_line_break_holder] -->    padding-bottom: 0 !important;<!-- [et_pb_line_break_holder] -->    font-weight: 400 !important;<!-- [et_pb_line_break_holder] -->  }<!-- [et_pb_line_break_holder] --><!-- [et_pb_line_break_holder] -->  \/* Adaptation Mobile *\/<!-- [et_pb_line_break_holder] -->  @media (max-width: 768px) {<!-- [et_pb_line_break_holder] -->    .saln-header-dark {<!-- [et_pb_line_break_holder] -->      padding: 25px 15px;<!-- [et_pb_line_break_holder] -->    }<!-- [et_pb_line_break_holder] -->    h1.saln-header-dark-titre {<!-- [et_pb_line_break_holder] -->      font-size: 24px !important;<!-- [et_pb_line_break_holder] -->    }<!-- [et_pb_line_break_holder] -->    p.saln-header-dark-texte {<!-- [et_pb_line_break_holder] -->      font-size: 15px !important;<!-- [et_pb_line_break_holder] -->    }<!-- [et_pb_line_break_holder] -->  }<!-- [et_pb_line_break_holder] --><\/style>\n<p><!-- [et_pb_line_break_holder] --><!-- [et_pb_line_break_holder] --><\/p>\n<div class=\"saln-header-dark\"><!-- [et_pb_line_break_holder] -->  <\/p>\n<div class=\"saln-header-dark-icone\"><!-- [et_pb_line_break_holder] -->    <svg width=\"24\" height=\"24\" viewBox=\"0 0 24 24\" fill=\"none\" stroke=\"#ffffff\" stroke-width=\"2\" stroke-linecap=\"round\" stroke-linejoin=\"round\"><!-- [et_pb_line_break_holder] -->      <path d=\"M22 19a2 2 0 0 1-2 2H4a2 2 0 0 1-2-2V5a2 2 0 0 1 2-2h5l2 3h9a2 2 0 0 1 2 2v11z\"><\/path><!-- [et_pb_line_break_holder] -->    <\/svg><!-- [et_pb_line_break_holder] -->  <\/div>\n<p><!-- [et_pb_line_break_holder] -->  <\/p>\n<h1 class=\"saln-header-dark-titre\">Portail Digital des Partenaires<\/h1>\n<p><!-- [et_pb_line_break_holder] -->  <pee class=\"saln-header-dark-texte\"><!-- [et_pb_line_break_holder] -->    Bienvenue sur l&rsquo;espace s\u00e9curis\u00e9 de la SALN. Ce portail est d\u00e9di\u00e9 \u00e0 la r\u00e9ception et au traitement de vos dossiers.<!-- [et_pb_line_break_holder] -->  <\/pee><!-- [et_pb_line_break_holder] --><\/div>\n<p>[\/et_pb_code][\/et_pb_column][\/et_pb_row][\/et_pb_section][et_pb_section fb_built=\u00a0\u00bb1&Prime; _builder_version=\u00a0\u00bb4.23.1&Prime; _module_preset=\u00a0\u00bbdefault\u00a0\u00bb global_colors_info=\u00a0\u00bb{}\u00a0\u00bb][et_pb_row _builder_version=\u00a0\u00bb4.23.1&Prime; _module_preset=\u00a0\u00bbdefault\u00a0\u00bb global_colors_info=\u00a0\u00bb{}\u00a0\u00bb][et_pb_column type=\u00a0\u00bb4_4&Prime; _builder_version=\u00a0\u00bb4.23.1&Prime; _module_preset=\u00a0\u00bbdefault\u00a0\u00bb global_colors_info=\u00a0\u00bb{}\u00a0\u00bb][et_pb_text _builder_version=\u00a0\u00bb4.23.1&Prime; _module_preset=\u00a0\u00bbdefault\u00a0\u00bb global_colors_info=\u00a0\u00bb{}\u00a0\u00bb]<form id=\"forminator-module-224921\" class=\"forminator-custom-form forminator-custom-form-224921\" method=\"post\" data-forminator-render=\"0\" data-uid=\"69f3a235f4046\"><div role=\"alert\" aria-live=\"polite\" class=\"forminator-response-message forminator-error\" aria-hidden=\"true\"><\/div><\/form>[\/et_pb_text][\/et_pb_column][\/et_pb_row][\/et_pb_section]<\/p>\n","protected":false},"excerpt":{"rendered":"<form id=\"forminator-module-224921\" class=\"forminator-custom-form forminator-custom-form-224921\" method=\"post\" data-forminator-render=\"1\" data-uid=\"69f3a2363e797\"><div role=\"alert\" aria-live=\"polite\" class=\"forminator-response-message forminator-error\" aria-hidden=\"true\"><\/div><\/form>\n","protected":false},"author":1,"featured_media":0,"parent":0,"menu_order":0,"comment_status":"closed","ping_status":"closed","template":"","meta":{"_et_pb_use_builder":"on","_et_pb_old_content":"","_et_gb_content_width":"","footnotes":""},"class_list":["post-224922","page","type-page","status-publish","hentry"],"_links":{"self":[{"href":"https:\/\/saln.mr\/index.php\/wp-json\/wp\/v2\/pages\/224922","targetHints":{"allow":["GET"]}}],"collection":[{"href":"https:\/\/saln.mr\/index.php\/wp-json\/wp\/v2\/pages"}],"about":[{"href":"https:\/\/saln.mr\/index.php\/wp-json\/wp\/v2\/types\/page"}],"author":[{"embeddable":true,"href":"https:\/\/saln.mr\/index.php\/wp-json\/wp\/v2\/users\/1"}],"replies":[{"embeddable":true,"href":"https:\/\/saln.mr\/index.php\/wp-json\/wp\/v2\/comments?post=224922"}],"version-history":[{"count":5,"href":"https:\/\/saln.mr\/index.php\/wp-json\/wp\/v2\/pages\/224922\/revisions"}],"predecessor-version":[{"id":224958,"href":"https:\/\/saln.mr\/index.php\/wp-json\/wp\/v2\/pages\/224922\/revisions\/224958"}],"wp:attachment":[{"href":"https:\/\/saln.mr\/index.php\/wp-json\/wp\/v2\/media?parent=224922"}],"curies":[{"name":"wp","href":"https:\/\/api.w.org\/{rel}","templated":true}]}}